{"id":3359,"date":"2023-03-01T11:56:21","date_gmt":"2023-03-01T10:56:21","guid":{"rendered":"https:\/\/harmonieartetresoi.fr\/?page_id=3359"},"modified":"2024-05-03T11:23:08","modified_gmt":"2024-05-03T10:23:08","slug":"elementor-3359","status":"publish","type":"page","link":"https:\/\/harmonieartetresoi.fr\/?page_id=3359","title":{"rendered":"Relaxation access bar"},"content":{"rendered":"\t\t<div data-elementor-type=\"wp-page\" data-elementor-id=\"3359\" class=\"elementor elementor-3359\" data-elementor-post-type=\"page\">\n\t\t\t\t\t\t\t\t\t<section class=\"elementor-section elementor-top-section elementor-element elementor-element-e760699 elementor-section-boxed elementor-section-height-default elementor-section-height-default\" data-id=\"e760699\" data-element_type=\"section\" data-settings=\"{&quot;jet_parallax_layout_list&quot;:[]}\">\n\t\t\t\t\t\t<div class=\"elementor-container elementor-column-gap-default\">\n\t\t\t\t\t<div class=\"elementor-column elementor-col-100 elementor-top-column elementor-element elementor-element-26514ea\" data-id=\"26514ea\" data-element_type=\"column\">\n\t\t\t<div class=\"elementor-widget-wrap elementor-element-populated\">\n\t\t\t\t\t\t\t\t<section class=\"elementor-section elementor-inner-section elementor-element elementor-element-6abeb91 elementor-section-boxed elementor-section-height-default elementor-section-height-default\" data-id=\"6abeb91\" data-element_type=\"section\" data-settings=\"{&quot;jet_parallax_layout_list&quot;:[]}\">\n\t\t\t\t\t\t<div class=\"elementor-container elementor-column-gap-default\">\n\t\t\t\t\t<div class=\"elementor-column elementor-col-100 elementor-inner-column elementor-element elementor-element-f125733\" data-id=\"f125733\" data-element_type=\"column\">\n\t\t\t<div class=\"elementor-widget-wrap elementor-element-populated\">\n\t\t\t\t\t\t\t\t<div class=\"elementor-element elementor-element-c12761e elementor-align-center elementor-widget elementor-widget-button\" data-id=\"c12761e\" data-element_type=\"widget\" data-widget_type=\"button.default\">\n\t\t\t\t<div class=\"elementor-widget-container\">\n\t\t\t\t\t<div class=\"elementor-button-wrapper\">\n\t\t\t<a class=\"elementor-button elementor-button-link elementor-size-sm\" href=\"https:\/\/harmonieartetresoi.fr\/?page_id=2908\">\n\t\t\t\t\t\t<span class=\"elementor-button-content-wrapper\">\n\t\t\t\t\t\t<span class=\"elementor-button-text\">Consulte les autres services<\/span>\n\t\t<\/span>\n\t\t\t\t\t<\/a>\n\t\t<\/div>\n\t\t\t\t<\/div>\n\t\t\t\t<\/div>\n\t\t\t\t\t<\/div>\n\t\t<\/div>\n\t\t\t\t\t\t\t<\/div>\n\t\t<\/section>\n\t\t\t\t<div class=\"elementor-element elementor-element-cb95400 elementor-widget elementor-widget-image\" data-id=\"cb95400\" data-element_type=\"widget\" data-widget_type=\"image.default\">\n\t\t\t\t<div class=\"elementor-widget-container\">\n\t\t\t\t\t\t\t\t\t\t\t\t\t\t\t<img fetchpriority=\"high\" decoding=\"async\" width=\"869\" height=\"478\" src=\"https:\/\/harmonieartetresoi.fr\/wp-content\/uploads\/2023\/02\/access-bars-points.png\" class=\"attachment-large size-large wp-image-3604\" alt=\"\" srcset=\"https:\/\/harmonieartetresoi.fr\/wp-content\/uploads\/2023\/02\/access-bars-points.png 869w, https:\/\/harmonieartetresoi.fr\/wp-content\/uploads\/2023\/02\/access-bars-points-300x165.png 300w, https:\/\/harmonieartetresoi.fr\/wp-content\/uploads\/2023\/02\/access-bars-points-768x422.png 768w\" sizes=\"(max-width: 869px) 100vw, 869px\" \/>\t\t\t\t\t\t\t\t\t\t\t\t\t\t\t<\/div>\n\t\t\t\t<\/div>\n\t\t\t\t<section class=\"elementor-section elementor-inner-section elementor-element elementor-element-42e15f9 elementor-section-boxed elementor-section-height-default elementor-section-height-default\" data-id=\"42e15f9\" data-element_type=\"section\" data-settings=\"{&quot;jet_parallax_layout_list&quot;:[]}\">\n\t\t\t\t\t\t<div class=\"elementor-container elementor-column-gap-default\">\n\t\t\t\t\t<div class=\"elementor-column elementor-col-100 elementor-inner-column elementor-element elementor-element-50b6f48\" data-id=\"50b6f48\" data-element_type=\"column\">\n\t\t\t<div class=\"elementor-widget-wrap elementor-element-populated\">\n\t\t\t\t\t\t\t\t<div class=\"elementor-element elementor-element-5b67f1d elementor-widget elementor-widget-heading\" data-id=\"5b67f1d\" data-element_type=\"widget\" data-widget_type=\"heading.default\">\n\t\t\t\t<div class=\"elementor-widget-container\">\n\t\t\t<h2 class=\"elementor-heading-title elementor-size-default\">S\u00e9ance de relaxation Access Bars\u00ae (2h) - en pr\u00e9sentiel <\/h2>\t\t<\/div>\n\t\t\t\t<\/div>\n\t\t\t\t\t<\/div>\n\t\t<\/div>\n\t\t\t\t\t\t\t<\/div>\n\t\t<\/section>\n\t\t\t\t<section class=\"elementor-section elementor-inner-section elementor-element elementor-element-ca82d18 elementor-section-boxed elementor-section-height-default elementor-section-height-default\" data-id=\"ca82d18\" data-element_type=\"section\" data-settings=\"{&quot;jet_parallax_layout_list&quot;:[]}\">\n\t\t\t\t\t\t<div class=\"elementor-container elementor-column-gap-default\">\n\t\t\t\t\t<div class=\"elementor-column elementor-col-100 elementor-inner-column elementor-element elementor-element-edb5850\" data-id=\"edb5850\" data-element_type=\"column\">\n\t\t\t<div class=\"elementor-widget-wrap elementor-element-populated\">\n\t\t\t\t\t\t\t\t<div class=\"elementor-element elementor-element-6221a0a elementor-widget elementor-widget-heading\" data-id=\"6221a0a\" data-element_type=\"widget\" data-widget_type=\"heading.default\">\n\t\t\t\t<div class=\"elementor-widget-container\">\n\t\t\t<h3 class=\"elementor-heading-title elementor-size-default\">\" Apr\u00e8s une s\u00e9ance d'Access Bars\u00ae, au pire, vous serez d\u00e9tendu comme apr\u00e8s un excellent massage, au mieux, toute votre vie va changer\" Gary Douglas  <\/h3>\t\t<\/div>\n\t\t\t\t<\/div>\n\t\t\t\t\t<\/div>\n\t\t<\/div>\n\t\t\t\t\t\t\t<\/div>\n\t\t<\/section>\n\t\t\t\t<section class=\"elementor-section elementor-inner-section elementor-element elementor-element-42bb088 elementor-section-boxed elementor-section-height-default elementor-section-height-default\" data-id=\"42bb088\" data-element_type=\"section\" data-settings=\"{&quot;jet_parallax_layout_list&quot;:[]}\">\n\t\t\t\t\t\t<div class=\"elementor-container elementor-column-gap-default\">\n\t\t\t\t\t<div class=\"elementor-column elementor-col-100 elementor-inner-column elementor-element elementor-element-8f73f76\" data-id=\"8f73f76\" data-element_type=\"column\">\n\t\t\t<div class=\"elementor-widget-wrap elementor-element-populated\">\n\t\t\t\t\t\t\t\t<div class=\"elementor-element elementor-element-b151aac elementor-widget elementor-widget-text-editor\" data-id=\"b151aac\" data-element_type=\"widget\" data-widget_type=\"text-editor.default\">\n\t\t\t\t<div class=\"elementor-widget-container\">\n\t\t\t\t\t\t\t<p style=\"text-align: left;\"><strong><span style=\"color: #800080;\">\u00a0<\/span><\/strong><\/p><p>Les <strong>Access Consciousness Bars<\/strong><strong>\u00ae<\/strong> (ou barres d&rsquo;Access), c&rsquo;est \u00ab\u00a0un processus\u00a0 qui te permet de te lib\u00e9rer de ce qui te limite, ce qui te retient, ce qui t&#8217;emp\u00eache d&rsquo;aller de l&rsquo;avant\u00a0\u00bb. Par un toucher tr\u00e8s doux sur 32 points du cr\u00e2ne, lesquels correspondent \u00e0 des \u00e9motions particuli\u00e8res emmagasin\u00e9es au fil du temps (communication, argent, espoirs et r\u00eaves&#8230;), tes ondes c\u00e9r\u00e9brales se calment et ton corps se rel\u00e2che. En les stimulant en douceur, chacun d&rsquo;eux va lib\u00e9rer la charge mentale des pens\u00e9es, des jugements, consid\u00e9rations, attitudes, \u00e9motions et sentiments li\u00e9s \u00e0 cette \u00e9motion, accumul\u00e9s au cours de ta vie, qui te limitent dans diff\u00e9rents domaines.<\/p><p>Imm\u00e9diatement, on se sent plus ouvert, repos\u00e9 et d\u00e9tendu. Au fil des s\u00e9ances, cette technique permet une diminution de la rumination mentale, une am\u00e9lioration du sommeil, un bien-\u00eatre corps\/esprit global et une plus grande ouverture.<\/p><p>Tu peux alors de nouveau \u00eatre le chef d&rsquo;orchestre de ta vie, faire des choix et \u00eatre cr\u00e9ateur de ton existence, en Conscience.<\/p><p style=\"text-align: center;\"><strong><u>D\u00e9roulement<\/u> :<\/strong><\/p><p style=\"text-align: center;\">Entretien personnalis\u00e9 confidentiel<\/p><p style=\"text-align: center;\">S\u00e9ance de Barres de 90 minutes sur fauteuil de massage, habill\u00e9(e)<\/p><p style=\"text-align: center;\">Retour sur s\u00e9ance<\/p><p style=\"text-align: center;\"><strong><u>A qui cela s\u2019adresse<\/u> :<\/strong><\/p><p style=\"text-align: center;\">Adultes (particulier, entreprise) , adolescents et enfant \u00e0 partir de 8\u00a0 ans<\/p>\t\t\t\t\t\t<\/div>\n\t\t\t\t<\/div>\n\t\t\t\t\t<\/div>\n\t\t<\/div>\n\t\t\t\t\t\t\t<\/div>\n\t\t<\/section>\n\t\t\t\t<section class=\"elementor-section elementor-inner-section elementor-element elementor-element-c2a896e elementor-section-boxed elementor-section-height-default elementor-section-height-default\" data-id=\"c2a896e\" data-element_type=\"section\" data-settings=\"{&quot;jet_parallax_layout_list&quot;:[]}\">\n\t\t\t\t\t\t<div class=\"elementor-container elementor-column-gap-default\">\n\t\t\t\t\t<div class=\"elementor-column elementor-col-50 elementor-inner-column elementor-element elementor-element-8a0fc22\" data-id=\"8a0fc22\" data-element_type=\"column\">\n\t\t\t<div class=\"elementor-widget-wrap elementor-element-populated\">\n\t\t\t\t\t\t\t\t<div class=\"elementor-element elementor-element-830fe60 elementor-align-center elementor-widget elementor-widget-button\" data-id=\"830fe60\" data-element_type=\"widget\" data-widget_type=\"button.default\">\n\t\t\t\t<div class=\"elementor-widget-container\">\n\t\t\t\t\t<div class=\"elementor-button-wrapper\">\n\t\t\t<a class=\"elementor-button elementor-button-link elementor-size-sm\" href=\"#elementor-action%3Aaction%3Dpopup%3Aopen%26settings%3DeyJpZCI6IjM4NTgiLCJ0b2dnbGUiOmZhbHNlfQ%3D%3D\">\n\t\t\t\t\t\t<span class=\"elementor-button-content-wrapper\">\n\t\t\t\t\t\t<span class=\"elementor-button-text\">R\u00e9serve ta s\u00e9ance<\/span>\n\t\t<\/span>\n\t\t\t\t\t<\/a>\n\t\t<\/div>\n\t\t\t\t<\/div>\n\t\t\t\t<\/div>\n\t\t\t\t\t<\/div>\n\t\t<\/div>\n\t\t\t\t<div class=\"elementor-column elementor-col-50 elementor-inner-column elementor-element elementor-element-f6ba0b6\" data-id=\"f6ba0b6\" data-element_type=\"column\">\n\t\t\t<div class=\"elementor-widget-wrap elementor-element-populated\">\n\t\t\t\t\t\t\t\t<div class=\"elementor-element elementor-element-351f990 elementor-align-center elementor-widget elementor-widget-button\" data-id=\"351f990\" data-element_type=\"widget\" data-widget_type=\"button.default\">\n\t\t\t\t<div class=\"elementor-widget-container\">\n\t\t\t\t\t<div class=\"elementor-button-wrapper\">\n\t\t\t<a class=\"elementor-button elementor-button-link elementor-size-sm\" href=\"https:\/\/harmonieartetresoi.fr\/?page_id=2070\">\n\t\t\t\t\t\t<span class=\"elementor-button-content-wrapper\">\n\t\t\t\t\t\t<span class=\"elementor-button-text\">Consulte les tarifs<\/span>\n\t\t<\/span>\n\t\t\t\t\t<\/a>\n\t\t<\/div>\n\t\t\t\t<\/div>\n\t\t\t\t<\/div>\n\t\t\t\t\t<\/div>\n\t\t<\/div>\n\t\t\t\t\t\t\t<\/div>\n\t\t<\/section>\n\t\t\t\t\t<\/div>\n\t\t<\/div>\n\t\t\t\t\t\t\t<\/div>\n\t\t<\/section>\n\t\t\t\t<section class=\"elementor-section elementor-top-section elementor-element elementor-element-814c231 elementor-section-boxed elementor-section-height-default elementor-section-height-default\" data-id=\"814c231\" data-element_type=\"section\" data-settings=\"{&quot;jet_parallax_layout_list&quot;:[]}\">\n\t\t\t\t\t\t<div class=\"elementor-container elementor-column-gap-default\">\n\t\t\t\t\t<div class=\"elementor-column elementor-col-100 elementor-top-column elementor-element elementor-element-6a50c39\" data-id=\"6a50c39\" data-element_type=\"column\">\n\t\t\t<div class=\"elementor-widget-wrap elementor-element-populated\">\n\t\t\t\t\t\t\t\t<div class=\"elementor-element elementor-element-c32e3d0 elementor-widget elementor-widget-video\" data-id=\"c32e3d0\" data-element_type=\"widget\" data-settings=\"{&quot;youtube_url&quot;:&quot;https:\\\/\\\/www.youtube.com\\\/watch?v=cU94tecDEyE&quot;,&quot;video_type&quot;:&quot;youtube&quot;,&quot;controls&quot;:&quot;yes&quot;}\" data-widget_type=\"video.default\">\n\t\t\t\t<div class=\"elementor-widget-container\">\n\t\t\t\t\t<div class=\"elementor-wrapper elementor-open-inline\">\n\t\t\t<div class=\"elementor-video\"><\/div>\t\t<\/div>\n\t\t\t\t<\/div>\n\t\t\t\t<\/div>\n\t\t\t\t\t<\/div>\n\t\t<\/div>\n\t\t\t\t\t\t\t<\/div>\n\t\t<\/section>\n\t\t\t\t<section class=\"elementor-section elementor-top-section elementor-element elementor-element-df79023 elementor-section-boxed elementor-section-height-default elementor-section-height-default\" data-id=\"df79023\" data-element_type=\"section\" data-settings=\"{&quot;jet_parallax_layout_list&quot;:[]}\">\n\t\t\t\t\t\t<div class=\"elementor-container elementor-column-gap-default\">\n\t\t\t\t\t<div class=\"elementor-column elementor-col-100 elementor-top-column elementor-element elementor-element-f8aa5f7\" data-id=\"f8aa5f7\" data-element_type=\"column\">\n\t\t\t<div class=\"elementor-widget-wrap elementor-element-populated\">\n\t\t\t\t\t\t\t\t<div class=\"elementor-element elementor-element-9d36c6a elementor-widget elementor-widget-heading\" data-id=\"9d36c6a\" data-element_type=\"widget\" data-widget_type=\"heading.default\">\n\t\t\t\t<div class=\"elementor-widget-container\">\n\t\t\t<h4 class=\"elementor-heading-title elementor-size-default\">Extrait de la vid\u00e9o \"au-del\u00e0 des mots\" dans lequel Gary Douglas, le fondateur d'Access Consciousness\u00ae, explique ce que sont les Access Bars\u00ae<\/h4>\t\t<\/div>\n\t\t\t\t<\/div>\n\t\t\t\t\t<\/div>\n\t\t<\/div>\n\t\t\t\t\t\t\t<\/div>\n\t\t<\/section>\n\t\t\t\t<section class=\"elementor-section elementor-top-section elementor-element elementor-element-4316ce6 elementor-section-boxed elementor-section-height-default elementor-section-height-default\" data-id=\"4316ce6\" data-element_type=\"section\" data-settings=\"{&quot;jet_parallax_layout_list&quot;:[]}\">\n\t\t\t\t\t\t<div class=\"elementor-container elementor-column-gap-default\">\n\t\t\t\t\t<div class=\"elementor-column elementor-col-100 elementor-top-column elementor-element elementor-element-6f0850e\" data-id=\"6f0850e\" data-element_type=\"column\">\n\t\t\t<div class=\"elementor-widget-wrap elementor-element-populated\">\n\t\t\t\t\t\t\t\t<div class=\"elementor-element elementor-element-b5dfeb0 elementor-widget elementor-widget-video\" data-id=\"b5dfeb0\" data-element_type=\"widget\" data-settings=\"{&quot;youtube_url&quot;:&quot;https:\\\/\\\/www.youtube.com\\\/watch?v=DgGbFRjqQPk&quot;,&quot;video_type&quot;:&quot;youtube&quot;,&quot;controls&quot;:&quot;yes&quot;}\" data-widget_type=\"video.default\">\n\t\t\t\t<div class=\"elementor-widget-container\">\n\t\t\t\t\t<div class=\"elementor-wrapper elementor-open-inline\">\n\t\t\t<div class=\"elementor-video\"><\/div>\t\t<\/div>\n\t\t\t\t<\/div>\n\t\t\t\t<\/div>\n\t\t\t\t\t<\/div>\n\t\t<\/div>\n\t\t\t\t\t\t\t<\/div>\n\t\t<\/section>\n\t\t\t\t<section class=\"elementor-section elementor-top-section elementor-element elementor-element-2c4f33e elementor-section-boxed elementor-section-height-default elementor-section-height-default\" data-id=\"2c4f33e\" data-element_type=\"section\" data-settings=\"{&quot;jet_parallax_layout_list&quot;:[]}\">\n\t\t\t\t\t\t<div class=\"elementor-container elementor-column-gap-default\">\n\t\t\t\t\t<div class=\"elementor-column elementor-col-100 elementor-top-column elementor-element elementor-element-e1e69f1\" data-id=\"e1e69f1\" data-element_type=\"column\">\n\t\t\t<div class=\"elementor-widget-wrap elementor-element-populated\">\n\t\t\t\t\t\t\t\t<div class=\"elementor-element elementor-element-792e13a elementor-widget elementor-widget-heading\" data-id=\"792e13a\" data-element_type=\"widget\" data-widget_type=\"heading.default\">\n\t\t\t\t<div class=\"elementor-widget-container\">\n\t\t\t<h4 class=\"elementor-heading-title elementor-size-default\">Etude des Bars d'Access Consciousness\u00ae par le neuroscientifique Dr Jeffrey L. Fannin<\/h4>\t\t<\/div>\n\t\t\t\t<\/div>\n\t\t\t\t\t<\/div>\n\t\t<\/div>\n\t\t\t\t\t\t\t<\/div>\n\t\t<\/section>\n\t\t\t\t\t\t\t<\/div>\n\t\t","protected":false},"excerpt":{"rendered":"<p>Consulte les autres services S\u00e9ance de relaxation Access Bars\u00ae (2h) &#8211; en pr\u00e9sentiel \u00a0\u00bb Apr\u00e8s une s\u00e9ance d&rsquo;Access Bars\u00ae, au pire, vous serez d\u00e9tendu comme apr\u00e8s un excellent massage, au mieux, toute votre vie va changer\u00a0\u00bb Gary Douglas \u00a0 Les Access Consciousness Bars\u00ae (ou barres d&rsquo;Access), c&rsquo;est \u00ab\u00a0un processus\u00a0 qui te permet de te lib\u00e9rer &hellip;<\/p>\n<p class=\"read-more\"> <a class=\"\" href=\"https:\/\/harmonieartetresoi.fr\/?page_id=3359\"> <span class=\"screen-reader-text\">Relaxation access bar<\/span> Lire la suite\u00a0\u00bb<\/a><\/p>\n","protected":false},"author":9,"featured_media":0,"parent":0,"menu_order":0,"comment_status":"closed","ping_status":"closed","template":"","meta":{"site-sidebar-layout":"no-sidebar","site-content-layout":"page-builder","ast-site-content-layout":"","site-content-style":"default","site-sidebar-style":"default","ast-global-header-display":"","ast-banner-title-visibility":"","ast-main-header-display":"","ast-hfb-above-header-display":"","ast-hfb-below-header-display":"","ast-hfb-mobile-header-display":"","site-post-title":"disabled","ast-breadcrumbs-content":"","ast-featured-img":"disabled","footer-sml-layout":"","theme-transparent-header-meta":"","adv-header-id-meta":"","stick-header-meta":"","header-above-stick-meta":"","header-main-stick-meta":"","header-below-stick-meta":"","astra-migrate-meta-layouts":"default","ast-page-background-enabled":"default","ast-page-background-meta":{"desktop":{"background-color":"","background-image":"","background-repeat":"repeat","background-position":"center center","background-size":"auto","background-attachment":"scroll","background-type":"","background-media":"","overlay-type":"","overlay-color":"","overlay-gradient":""},"tablet":{"background-color":"","background-image":"","background-repeat":"repeat","background-position":"center center","background-size":"auto","background-attachment":"scroll","background-type":"","background-media":"","overlay-type":"","overlay-color":"","overlay-gradient":""},"mobile":{"background-color":"","background-image":"","background-repeat":"repeat","background-position":"center center","background-size":"auto","background-attachment":"scroll","background-type":"","background-media":"","overlay-type":"","overlay-color":"","overlay-gradient":""}},"ast-content-background-meta":{"desktop":{"background-color":"var(--ast-global-color-5)","background-image":"","background-repeat":"repeat","background-position":"center center","background-size":"auto","background-attachment":"scroll","background-type":"","background-media":"","overlay-type":"","overlay-color":"","overlay-gradient":""},"tablet":{"background-color":"var(--ast-global-color-5)","background-image":"","background-repeat":"repeat","background-position":"center center","background-size":"auto","background-attachment":"scroll","background-type":"","background-media":"","overlay-type":"","overlay-color":"","overlay-gradient":""},"mobile":{"background-color":"var(--ast-global-color-5)","background-image":"","background-repeat":"repeat","background-position":"center center","background-size":"auto","background-attachment":"scroll","background-type":"","background-media":"","overlay-type":"","overlay-color":"","overlay-gradient":""}},"footnotes":""},"yoast_head":"<!-- This site is optimized with the Yoast SEO plugin v21.7 - https:\/\/yoast.com\/wordpress\/plugins\/seo\/ -->\n<title>Relaxation access bar - Harmonie : l\u2019Art d\u2019\u00catre Soi<\/title>\n<meta name=\"robots\" content=\"index, follow, max-snippet:-1, max-image-preview:large, max-video-preview:-1\" \/>\n<link rel=\"canonical\" href=\"https:\/\/harmonieartetresoi.fr\/?page_id=3359\" \/>\n<meta property=\"og:locale\" content=\"fr_FR\" \/>\n<meta property=\"og:type\" content=\"article\" \/>\n<meta property=\"og:title\" content=\"Relaxation access bar - Harmonie : l\u2019Art d\u2019\u00catre Soi\" \/>\n<meta property=\"og:description\" content=\"Consulte les autres services S\u00e9ance de relaxation Access Bars\u00ae (2h) &#8211; en pr\u00e9sentiel \u00a0\u00bb Apr\u00e8s une s\u00e9ance d&rsquo;Access Bars\u00ae, au pire, vous serez d\u00e9tendu comme apr\u00e8s un excellent massage, au mieux, toute votre vie va changer\u00a0\u00bb Gary Douglas \u00a0 Les Access Consciousness Bars\u00ae (ou barres d&rsquo;Access), c&rsquo;est \u00ab\u00a0un processus\u00a0 qui te permet de te lib\u00e9rer &hellip; Relaxation access bar Lire la suite\u00a0\u00bb\" \/>\n<meta property=\"og:url\" content=\"https:\/\/harmonieartetresoi.fr\/?page_id=3359\" \/>\n<meta property=\"og:site_name\" content=\"Harmonie : l\u2019Art d\u2019\u00catre Soi\" \/>\n<meta property=\"article:publisher\" content=\"https:\/\/www.facebook.com\/SandrineDEVAUXCoachBienEtre\" \/>\n<meta property=\"article:modified_time\" content=\"2024-05-03T10:23:08+00:00\" \/>\n<meta property=\"og:image\" content=\"https:\/\/harmonieartetresoi.fr\/wp-content\/uploads\/2023\/02\/access-bars-points.png\" \/>\n<meta name=\"twitter:card\" content=\"summary_large_image\" \/>\n<meta name=\"twitter:label1\" content=\"Dur\u00e9e de lecture estim\u00e9e\" \/>\n\t<meta name=\"twitter:data1\" content=\"2 minutes\" \/>\n<script type=\"application\/ld+json\" class=\"yoast-schema-graph\">{\"@context\":\"https:\/\/schema.org\",\"@graph\":[{\"@type\":\"WebPage\",\"@id\":\"https:\/\/harmonieartetresoi.fr\/?page_id=3359\",\"url\":\"https:\/\/harmonieartetresoi.fr\/?page_id=3359\",\"name\":\"Relaxation access bar - Harmonie : l\u2019Art d\u2019\u00catre Soi\",\"isPartOf\":{\"@id\":\"https:\/\/harmonieartetresoi.fr\/#website\"},\"datePublished\":\"2023-03-01T10:56:21+00:00\",\"dateModified\":\"2024-05-03T10:23:08+00:00\",\"breadcrumb\":{\"@id\":\"https:\/\/harmonieartetresoi.fr\/?page_id=3359#breadcrumb\"},\"inLanguage\":\"fr-FR\",\"potentialAction\":[{\"@type\":\"ReadAction\",\"target\":[\"https:\/\/harmonieartetresoi.fr\/?page_id=3359\"]}]},{\"@type\":\"BreadcrumbList\",\"@id\":\"https:\/\/harmonieartetresoi.fr\/?page_id=3359#breadcrumb\",\"itemListElement\":[{\"@type\":\"ListItem\",\"position\":1,\"name\":\"Home\",\"item\":\"https:\/\/harmonieartetresoi.fr\/\"},{\"@type\":\"ListItem\",\"position\":2,\"name\":\"Relaxation access bar\"}]},{\"@type\":\"WebSite\",\"@id\":\"https:\/\/harmonieartetresoi.fr\/#website\",\"url\":\"https:\/\/harmonieartetresoi.fr\/\",\"name\":\"Harmonie : l\u2019Art d\u2019\u00catre Soi\",\"description\":\"Un site internet cr\u00e9\u00e9 avec Tremplin\",\"potentialAction\":[{\"@type\":\"SearchAction\",\"target\":{\"@type\":\"EntryPoint\",\"urlTemplate\":\"https:\/\/harmonieartetresoi.fr\/?s={search_term_string}\"},\"query-input\":\"required name=search_term_string\"}],\"inLanguage\":\"fr-FR\"}]}<\/script>\n<!-- \/ Yoast SEO plugin. -->","yoast_head_json":{"title":"Relaxation access bar - Harmonie : l\u2019Art d\u2019\u00catre Soi","robots":{"index":"index","follow":"follow","max-snippet":"max-snippet:-1","max-image-preview":"max-image-preview:large","max-video-preview":"max-video-preview:-1"},"canonical":"https:\/\/harmonieartetresoi.fr\/?page_id=3359","og_locale":"fr_FR","og_type":"article","og_title":"Relaxation access bar - Harmonie : l\u2019Art d\u2019\u00catre Soi","og_description":"Consulte les autres services S\u00e9ance de relaxation Access Bars\u00ae (2h) &#8211; en pr\u00e9sentiel \u00a0\u00bb Apr\u00e8s une s\u00e9ance d&rsquo;Access Bars\u00ae, au pire, vous serez d\u00e9tendu comme apr\u00e8s un excellent massage, au mieux, toute votre vie va changer\u00a0\u00bb Gary Douglas \u00a0 Les Access Consciousness Bars\u00ae (ou barres d&rsquo;Access), c&rsquo;est \u00ab\u00a0un processus\u00a0 qui te permet de te lib\u00e9rer &hellip; Relaxation access bar Lire la suite\u00a0\u00bb","og_url":"https:\/\/harmonieartetresoi.fr\/?page_id=3359","og_site_name":"Harmonie : l\u2019Art d\u2019\u00catre Soi","article_publisher":"https:\/\/www.facebook.com\/SandrineDEVAUXCoachBienEtre","article_modified_time":"2024-05-03T10:23:08+00:00","og_image":[{"url":"https:\/\/harmonieartetresoi.fr\/wp-content\/uploads\/2023\/02\/access-bars-points.png"}],"twitter_card":"summary_large_image","twitter_misc":{"Dur\u00e9e de lecture estim\u00e9e":"2 minutes"},"schema":{"@context":"https:\/\/schema.org","@graph":[{"@type":"WebPage","@id":"https:\/\/harmonieartetresoi.fr\/?page_id=3359","url":"https:\/\/harmonieartetresoi.fr\/?page_id=3359","name":"Relaxation access bar - Harmonie : l\u2019Art d\u2019\u00catre Soi","isPartOf":{"@id":"https:\/\/harmonieartetresoi.fr\/#website"},"datePublished":"2023-03-01T10:56:21+00:00","dateModified":"2024-05-03T10:23:08+00:00","breadcrumb":{"@id":"https:\/\/harmonieartetresoi.fr\/?page_id=3359#breadcrumb"},"inLanguage":"fr-FR","potentialAction":[{"@type":"ReadAction","target":["https:\/\/harmonieartetresoi.fr\/?page_id=3359"]}]},{"@type":"BreadcrumbList","@id":"https:\/\/harmonieartetresoi.fr\/?page_id=3359#breadcrumb","itemListElement":[{"@type":"ListItem","position":1,"name":"Home","item":"https:\/\/harmonieartetresoi.fr\/"},{"@type":"ListItem","position":2,"name":"Relaxation access bar"}]},{"@type":"WebSite","@id":"https:\/\/harmonieartetresoi.fr\/#website","url":"https:\/\/harmonieartetresoi.fr\/","name":"Harmonie : l\u2019Art d\u2019\u00catre Soi","description":"Un site internet cr\u00e9\u00e9 avec Tremplin","potentialAction":[{"@type":"SearchAction","target":{"@type":"EntryPoint","urlTemplate":"https:\/\/harmonieartetresoi.fr\/?s={search_term_string}"},"query-input":"required name=search_term_string"}],"inLanguage":"fr-FR"}]}},"_links":{"self":[{"href":"https:\/\/harmonieartetresoi.fr\/index.php?rest_route=\/wp\/v2\/pages\/3359"}],"collection":[{"href":"https:\/\/harmonieartetresoi.fr\/index.php?rest_route=\/wp\/v2\/pages"}],"about":[{"href":"https:\/\/harmonieartetresoi.fr\/index.php?rest_route=\/wp\/v2\/types\/page"}],"author":[{"embeddable":true,"href":"https:\/\/harmonieartetresoi.fr\/index.php?rest_route=\/wp\/v2\/users\/9"}],"replies":[{"embeddable":true,"href":"https:\/\/harmonieartetresoi.fr\/index.php?rest_route=%2Fwp%2Fv2%2Fcomments&post=3359"}],"version-history":[{"count":9,"href":"https:\/\/harmonieartetresoi.fr\/index.php?rest_route=\/wp\/v2\/pages\/3359\/revisions"}],"predecessor-version":[{"id":5485,"href":"https:\/\/harmonieartetresoi.fr\/index.php?rest_route=\/wp\/v2\/pages\/3359\/revisions\/5485"}],"wp:attachment":[{"href":"https:\/\/harmonieartetresoi.fr\/index.php?rest_route=%2Fwp%2Fv2%2Fmedia&parent=3359"}],"curies":[{"name":"wp","href":"https:\/\/api.w.org\/{rel}","templated":true}]}}